{"id":161,"date":"2021-12-07T18:30:30","date_gmt":"2021-12-07T17:30:30","guid":{"rendered":"https:\/\/osservatori.iuse.it\/riohs\/?page_id=161"},"modified":"2022-01-24T18:14:18","modified_gmt":"2022-01-24T17:14:18","slug":"mission-2","status":"publish","type":"page","link":"https:\/\/osservatori.iuse.it\/riohs\/it\/mission-2\/","title":{"rendered":"Mission"},"content":{"rendered":"<p>RIOHS mette al centro la persona, nell\u2019aspetto che principalmente la qualifica e la identifica nella sua dimensione individuale e nell\u2019intreccio di rapporti con la comunit\u00e0 sociale: la dignit\u00e0 umana. Questo valore supremo, nucleo essenziale e radice di tutti i diritti fondamentali, ne ispira e ne guida l\u2019azione volta a promuovere il diritto alla salute, da intendere con il significato, ormai comunemente accreditato, di benessere psichico e fisico, che non coincide con il concetto di semplice assenza di malattia, ma dipende dalle condizioni ambientali, culturali, economiche, sociali in cui la persona conduce la propria vita. Sulla salute influiscono l\u2019assenza di patologie e molti altri fattori, come la salubrit\u00e0 dell\u2019habitat naturale e urbano, la sicurezza dei luoghi di lavoro, la disponibilit\u00e0 di una abitazione e mezzi economici per un sostentamento libero e dignitoso, la qualit\u00e0 del cibo, l\u2019implementazione della salute mentale e dei servizi assistenziali, il livello di educazione, scolarizzazione e inclusione sociale.<\/p>\n<p>Il bene \u201dsalute\u201d nel suo contenuto complesso e nella sua natura trasversale, va quindi difeso agendo su diversi fronti e in molteplici direzioni. In questa prospettiva di tutela multilivello, RIOHS si propone di sviluppare la ricerca nell\u2019ambito dei servizi sanitari e socio assistenziali con lo scopo di contribuire alla elaborazione di soluzioni innovative, nuovi modelli di cura e di welfare, capaci di migliorare la salute della persona. Tali obiettivi connotano l\u2019impegno dell\u2019Osservatorio ma non ne esauriscono il contenuto, essendo vasta la gamma di argomenti e questioni da indagare, e a cui dare risposta, entro l\u2019ampio perimetro del diritto alla salute e della tutela dei diritti fondamentali.<\/p>\n<p>La promozione dell\u2019innovazione nel settore dei servizi sanitari guarda alla qualit\u00e0, sicurezza, sostenibilit\u00e0 economica delle cure. E anche all\u2019impatto delle nuove tecnologie sulla prevenzione e gestione del rischio clinico, all\u2019analisi delle conseguenze connesse all\u2019uso della rete e degli strumenti informativi di nuova generazione, all\u2019utilizzo delle Artificial intelligence, alla comprensione del fenomeno dei Big Data anche in rapporto con le regole sulla privacy, alla individuazione dei differenti profili di responsabilit\u00e0, non solo del medico e delle strutture sanitarie derivanti da malpractice, e dei relativi riflessi sul piano assicurativo.<\/p>\n<p>La promozione dell\u2019innovazione nel campo dell\u2019assistenza sociale, altro focus dell\u2019Osservatorio, implica l\u2019analisi di molteplici scenari, il monitoraggio di realit\u00e0 complesse generate da societ\u00e0 che invecchiano, dal diseguale accesso ai beni e alle cure, dalla differente distribuzione dei costi dello sviluppo, dalle nuove sacche di povert\u00e0 prodotte dalla contrazione del mercato del lavoro, e altro ancora. Importanti mutamenti culturali, economici, sociali, climatici caratterizzano i nostri tempi e i loro effetti si riflettono sulla vita quotidiana delle persone mettendo a rischio il fondamentale diritto ad una esistenza libera e dignitosa. In questo contesto, le aree di bisogno sono numerose e richiedono interventi specializzati per realizzare forme di sostegno e aiuto a soggetti in diverso modo vulnerabili o svantaggiati.<\/p>\n<p>RIOHS accoglie le grandi sfide del welfare e in sinergia con le imprese sociali e tutta l\u2019area del Non Profit, produce ricerca e un elevato livello di conoscenze empiriche e analitiche, operando nel segno della innovazione sociale. L\u2019Osservatorio si propone come interlocutore qualificato di istituzioni , organismi privati e pubblici per la progettazione di nuovi strumenti di assistenza e servizi integrati, con il fine di sostenere i soggetti deboli &#8211; bambini, giovani, adulti in difficolt\u00e0 o a rischio a causa di malattie, disabilit\u00e0, povert\u00e0 , abbandono &#8211; prevenire il deterioramento della salute fisica e mentale, promuovere l&#8217;indipendenza e l&#8217;inclusione sociale, migliorare la qualit\u00e0 di vita, soprattutto degli anziani attraverso la elaborazione dei migliori modelli di Long Term Care, rafforzare la tutela della famiglia, come sede degli affetti, proteggere i diritti umani in relazione ai bisogni delle persone.<\/p>\n","protected":false},"excerpt":{"rendered":"<p>RIOHS mette al centro la persona, nell\u2019aspetto che principalmente la qualifica e la identifica nella sua dimensione individuale e nell\u2019intreccio di rapporti con la comunit\u00e0 sociale: la dignit\u00e0 umana. Questo valore supremo, nucleo essenziale e radice di tutti i diritti fondamentali, ne ispira e ne guida l\u2019azione volta a promuovere il diritto alla salute, da [&hellip;]<\/p>\n","protected":false},"author":11,"featured_media":276,"parent":0,"menu_order":0,"comment_status":"closed","ping_status":"closed","template":"","meta":{"_et_pb_use_builder":"off","_et_pb_old_content":"","_et_gb_content_width":"","footnotes":""},"class_list":["post-161","page","type-page","status-publish","has-post-thumbnail","hentry"],"_links":{"self":[{"href":"https:\/\/osservatori.iuse.it\/riohs\/wp-json\/wp\/v2\/pages\/161"}],"collection":[{"href":"https:\/\/osservatori.iuse.it\/riohs\/wp-json\/wp\/v2\/pages"}],"about":[{"href":"https:\/\/osservatori.iuse.it\/riohs\/wp-json\/wp\/v2\/types\/page"}],"author":[{"embeddable":true,"href":"https:\/\/osservatori.iuse.it\/riohs\/wp-json\/wp\/v2\/users\/11"}],"replies":[{"embeddable":true,"href":"https:\/\/osservatori.iuse.it\/riohs\/wp-json\/wp\/v2\/comments?post=161"}],"version-history":[{"count":11,"href":"https:\/\/osservatori.iuse.it\/riohs\/wp-json\/wp\/v2\/pages\/161\/revisions"}],"predecessor-version":[{"id":418,"href":"https:\/\/osservatori.iuse.it\/riohs\/wp-json\/wp\/v2\/pages\/161\/revisions\/418"}],"wp:featuredmedia":[{"embeddable":true,"href":"https:\/\/osservatori.iuse.it\/riohs\/wp-json\/wp\/v2\/media\/276"}],"wp:attachment":[{"href":"https:\/\/osservatori.iuse.it\/riohs\/wp-json\/wp\/v2\/media?parent=161"}],"curies":[{"name":"wp","href":"https:\/\/api.w.org\/{rel}","templated":true}]}}